What are the prime factors of 27807411?
3, 239, 38783
List the prime factors of 38219645.
5, 2729, 2801
List the prime factors of 679941.
3, 25183
What are the prime factors of 97798?
2, 107, 457
What are the prime factors of 21369?
3, 17, 419
What are the prime factors of 344692?
2, 17, 37, 137
What are the prime factors of 368676?
2, 3, 7, 11, 19
List the prime factors of 15021008.
2, 83, 11311
List the prime factors of 9922558.
2, 79, 62801
What are the prime factors of 267883?
7, 11, 71
List the prime factors of 2040401.
11, 185491
What are the prime factors of 414405?
3, 5, 9209
What are the prime factors of 853109?
37, 23057
What are the prime factors of 819762?
2, 3, 317, 431
What are the prime factors of 11004713?
11004713
List the prime factors of 1089547.
17, 64091
What are the prime factors of 2072042?
2, 7, 47, 67
What are the prime factors of 2963521?
11, 41, 6571
What are the prime factors of 8872557?
3, 701, 4219
List the prime factors of 472600.
2, 5, 17, 139
What are the prime factors of 18020107?
7, 29, 3061
What are the prime factors of 1497419?
7, 11, 19447
List the prime factors of 594971.
13, 45767
What are the prime factors of 1066880?
2, 5, 1667
What are the prime factors of 876266?
2, 438133
List the prime factors of 91427.
7, 37, 353
What are the prime factors of 4327801?
19, 379, 601
List the prime factors of 235770.
2, 3, 5, 29, 271
What are the prime factors of 4787510?
2, 5, 7, 13, 5261
What are the prime factors of 10651233?
3, 3550411
What are the prime factors of 3379733?
7, 482819
List the prime factors of 3543744.
2, 3, 18457
What are the prime factors of 2702231?
7, 83, 4651
What are the prime factors of 1158367?
7, 127, 1303
List the prime factors of 746575.
5, 29863
List the prime factors of 250954.
2, 11, 17, 61
List the prime factors of 1118043.
3, 43, 107
List the prime factors of 350053.
11, 263
What are the prime factors of 5275193?
7, 11, 9787
What are the prime factors of 1220092?
2, 305023
List the prime factors of 134601.
3, 44867
What are the prime factors of 3190954?
2, 13, 31, 37, 107
List the prime factors of 2481692.
2, 379, 1637
List the prime factors of 2913863.
2913863
What are the prime factors of 2396140?
2, 5, 23, 5209
What are the prime factors of 4294619?
7, 199, 3083
What are the prime factors of 401523?
3, 17, 7873
What are the prime factors of 959827?
11, 87257
List the prime factors of 931121.
199, 4679
What are the prime factors of 593531?
593531
List the prime factors of 242179.
7, 29, 1193
What are the prime factors of 1190937?
3, 11, 151, 239
What are the prime factors of 29871672?
2, 3, 359, 3467
List the prime factors of 1322587.
7, 188941
What are the prime factors of 4625836?
2, 17, 59, 1153
List the prime factors of 12752296.
2, 1594037
List the prime factors of 1935638.
2, 967819
What are the prime factors of 128917?
137, 941
List the prime factors of 9217118.
2, 1193, 3863
List the prime factors of 955235.
5, 191047
What are the prime factors of 139537?
139537
What are the prime factors of 417778?
2, 208889
What are the prime factors of 139659?
3, 13, 3581
List the prime factors of 151500.
2, 3, 5, 101
List the prime factors of 7186542.
2, 3, 11, 108887
List the prime factors of 17934397.
13, 43, 32083
List the prime factors of 3862254.
2, 3, 11, 139, 421
List the prime factors of 1391502.
2, 3, 7, 4733
List the prime factors of 2799606.
2, 3, 23, 20287
What are the prime factors of 358815?
3, 5, 19, 1259
What are the prime factors of 138774?
2, 3, 101, 229
What are the prime factors of 3177908?
2, 794477
What are the prime factors of 24953124?
2, 3, 7, 297061
What are the prime factors of 13084419?
3, 4361473
List the prime factors of 921548.
2, 230387
What are the prime factors of 660110?
2, 5, 11, 17, 353
List the prime factors of 130503.
3, 41, 1061
What are the prime factors of 1879333?
17, 227, 487
List the prime factors of 2797032.
2, 3, 7, 16649
What are the prime factors of 604556?
2, 359, 421
What are the prime factors of 12489707?
19, 41, 16033
What are the prime factors of 334808?
2, 41851
List the prime factors of 164091.
3, 83, 659
What are the prime factors of 2506533?
3, 835511
List the prime factors of 8368462.
2, 449, 9319
List the prime factors of 337453.
337453
What are the prime factors of 10782175?
5, 431287
What are the prime factors of 11932968?
2, 3, 41, 67, 181
What are the prime factors of 4640582?
2, 2320291
What are the prime factors of 6366721?
17, 239, 1567
List the prime factors of 229628.
2, 7, 59, 139
What are the prime factors of 1379677?
13, 106129
List the prime factors of 5084072.
2, 7, 90787
List the prime factors of 8743864.
2, 23, 47521
List the prime factors of 4300727.
349, 12323
List the prime factors of 856037.
7, 13, 23, 409
List the prime factors of 80599.
80599
What are the prime factors of 20037?
3, 6679
List the prime factors of 147568.
2, 23, 401
List the prime factors of 415903.
47, 8849
What are the prime factors of 4796367?
3, 1598789
What are the prime factors of 2036679?
3, 401, 1693
List the prime factors of 14108193.
3, 11, 31, 4597
List the prime factors of 1921066.
2, 7, 137219
What are the prime factors of 5484200?
2, 5, 17, 1613
List the prime factors of 194801.
83, 2347
List the prime factors of 14648958.
2, 3, 271277
List the prime factors of 10669226.
2, 181, 29473
List the prime factors of 10786091.
19, 567689
What are the prime factors of 24095239?
7, 17, 202481
What are the prime factors of 6714135?
3, 5, 31, 4813
What are the prime factors of 468649?
661, 709
List the prime factors of 1159579.
673, 1723
List the prime factors of 2290198.
2, 1145099
List the prime factors of 12102401.
12102401
What are the prime factors of 351527?
11, 31957
List the prime factors of 2110251.
3, 11, 13, 4919
What are the prime factors of 136433?
11, 79, 157
What are the prime factors of 26131?
7, 3733
List the prime factors of 1763496.
2, 3, 7, 3499
What are the prime factors of 31801462?
2, 7, 11, 18773
What are the prime factors of 550872?
2, 3, 7, 1093
List the prime factors of 178907.
178907
List the prime factors of 6739394.
2, 3369697
What are the prime factors of 462889?
7, 89, 743
List the prime factors of 69020.
2, 5, 7, 17, 29
List the prime factors of 258572.
2, 127, 509
List the prime factors of 92865.
3, 5, 41, 151
What are the prime factors of 1049189?
17, 61717
List the prime factors of 39742.
2, 31, 641
List the prime factors of 14650170.
2, 3, 5, 488339
What are the prime factors of 12812800?
2, 5, 7, 11, 13
What are the prime factors of 92155?
5, 7, 2633
List the prime factors of 27956135.
5, 5591227
What are the prime factors of 25916?
2, 11, 19, 31
What are the prime factors of 109347?
3, 7, 41, 127
List the prime factors of 134725.
5, 17, 317
List the prime factors of 425559.
3, 141853
List the prime factors of 7759070.
2, 5, 11, 70537
List the prime factors of 2435068.
2, 608767
List the prime factors of 1733401.
457, 3793
What are the prime factors of 572553?
3, 63617
What are the prime factors of 290924?
2, 257, 283
What are the prime factors of 332956?
2, 13, 19, 337
What are the prime factors of 7202246?
2, 3601123
What are the prime factors of 6039893?
6039893
List the prime factors of 5191720.
2, 5, 129793
List the prime factors of 38479296.
2, 3, 17, 11789
List the prime factors of 13434442.
2, 7, 959603
What are the prime factors of 575898?
2, 3, 53, 1811
List the prime factors of 5861641.
53, 110597
What are the prime factors of 430770?
2, 3, 5, 83, 173
List the prime factors of 784093.
23, 73, 467
List the prime factors of 3300636.
2, 3, 275053
What are the prime factors of 4528038?
2, 3, 167, 4519
List the prime factors of 23822996.
2, 5955749
What are the prime factors of 548760?
2, 3, 5, 17, 269
List the prime factors of 67076.
2, 41, 409
What are the prime factors of 2339167?
31, 61, 1237
What are the prime factors of 2031956?
2, 97, 5237
List the prime factors of 194802.
2, 3, 32467
What are the prime factors of 1437335?
5, 157, 1831
What are the prime factors of 218511?
3, 8093
What are the prime factors of 11803?
11, 29, 37
What are the prime factors of 616956?
2, 3, 51413
List the prime factors of 4563525.
3, 5, 71, 857
List the prime factors of 1979411.
7, 282773
List the pri